{"id":16,"date":"2025-10-08T18:23:32","date_gmt":"2025-10-08T18:23:32","guid":{"rendered":"https:\/\/sipilanvenehallit.fi\/?page_id=16"},"modified":"2025-10-08T18:23:32","modified_gmt":"2025-10-08T18:23:32","slug":"hinnasto","status":"publish","type":"page","link":"https:\/\/sipilanvenehallit.fi\/?page_id=16","title":{"rendered":"Hinnasto"},"content":{"rendered":"\n<figure class=\"wp-block-table\"><table class=\"has-fixed-layout\"><tbody><tr><td>L\u00e4mmins\u00e4ilytys<\/td><td>65\u20ac\/m2<\/td><\/tr><tr><td>Kylm\u00e4s\u00e4ilytys<\/td><td>35\u20ac\/m2<\/td><\/tr><tr><td>Pukkivuokra iso, &lt;8000kg<\/td><td><br>120\u20ac sis. alv<\/td><\/tr><tr><td>Pukkivuokra pieni, >8000kg<\/td><td>50\u20ac sis. alv<\/td><\/tr><tr><td>Laskutuslis\u00e4<\/td><td><br>10\u20ac<\/td><\/tr><tr><td>Kes\u00e4s\u00e4ilytys 1.6.-15.8.<\/td><td>40% talvis\u00e4ilytyksen hinnasta<\/td><\/tr><\/tbody><\/table><\/figure>\n\n\n\n<p>Talvis\u00e4ilytyst\u00e4 Ruskolla l\u00e4mpim\u00e4ss\u00e4 tai kylm\u00e4ss\u00e4 hallissa. Jokaiseen s\u00e4ilytyksess\u00e4 olevaan veneeseen tai matkailuautoon lis\u00e4t\u00e4\u00e4n 0,5 metri\u00e4 sek\u00e4 pituuteen ett\u00e4 leveyteen. <\/p>\n","protected":false},"excerpt":{"rendered":"<p>L\u00e4mmins\u00e4ilytys 65\u20ac\/m2 Kylm\u00e4s\u00e4ilytys 35\u20ac\/m2 Pukkivuokra iso, &lt;8000kg 120\u20ac sis. alv Pukkivuokra pieni, >8000kg 50\u20ac sis. alv Laskutuslis\u00e4 10\u20ac Kes\u00e4s\u00e4ilytys 1.6.-15.8. 40% talvis\u00e4ilytyksen hinnasta Talvis\u00e4ilytyst\u00e4 Ruskolla l\u00e4mpim\u00e4ss\u00e4 tai kylm\u00e4ss\u00e4 hallissa. Jokaiseen s\u00e4ilytyksess\u00e4 olevaan veneeseen tai matkailuautoon lis\u00e4t\u00e4\u00e4n 0,5 metri\u00e4 sek\u00e4 pituuteen ett\u00e4 leveyteen.<\/p>\n","protected":false},"author":1,"featured_media":0,"parent":0,"menu_order":0,"comment_status":"closed","ping_status":"closed","template":"","meta":{"footnotes":""},"class_list":["post-16","page","type-page","status-publish"],"_links":{"self":[{"href":"https:\/\/sipilanvenehallit.fi\/index.php?rest_route=\/wp\/v2\/pages\/16","targetHints":{"allow":["GET"]}}],"collection":[{"href":"https:\/\/sipilanvenehallit.fi\/index.php?rest_route=\/wp\/v2\/pages"}],"about":[{"href":"https:\/\/sipilanvenehallit.fi\/index.php?rest_route=\/wp\/v2\/types\/page"}],"author":[{"embeddable":true,"href":"https:\/\/sipilanvenehallit.fi\/index.php?rest_route=\/wp\/v2\/users\/1"}],"replies":[{"embeddable":true,"href":"https:\/\/sipilanvenehallit.fi\/index.php?rest_route=%2Fwp%2Fv2%2Fcomments&post=16"}],"version-history":[{"count":1,"href":"https:\/\/sipilanvenehallit.fi\/index.php?rest_route=\/wp\/v2\/pages\/16\/revisions"}],"predecessor-version":[{"id":17,"href":"https:\/\/sipilanvenehallit.fi\/index.php?rest_route=\/wp\/v2\/pages\/16\/revisions\/17"}],"wp:attachment":[{"href":"https:\/\/sipilanvenehallit.fi\/index.php?rest_route=%2Fwp%2Fv2%2Fmedia&parent=16"}],"curies":[{"name":"wp","href":"https:\/\/api.w.org\/{rel}","templated":true}]}}