{"id":28,"date":"2025-10-08T18:43:52","date_gmt":"2025-10-08T18:43:52","guid":{"rendered":"https:\/\/sipilanvenehallit.fi\/?page_id=28"},"modified":"2025-10-08T18:58:50","modified_gmt":"2025-10-08T18:58:50","slug":"etusivu","status":"publish","type":"page","link":"https:\/\/sipilanvenehallit.fi\/","title":{"rendered":"Talvis\u00e4ilytyst\u00e4 Ruskolla"},"content":{"rendered":"\n<p>Uusi talvis\u00e4ilytyskausi tekee jo tuloaan ja on aika k\u00e4\u00e4nt\u00e4\u00e4 katseet tulevaan talvis\u00e4ilytyskauteen,&nbsp;jotta veneesi saadaan ensi kes\u00e4kaudelle entist\u00e4 parempaan kuntoon.<\/p>\n\n\n\n<p>Huollot, vahaukset, sis\u00e4siivoukset ja pohjamaalaukset onnistuvat yhteisty\u00f6kumppani J.K. Marineservice, Targa Service Partnerin kautta, jonka yhteyshenkil\u00f6n\u00e4 on venealan ammattilainen Juha Kukkavuori.<\/p>\n\n\n\n<p>Tarjoamme haluamanne palvelukokonaisuuden kauttamme sek\u00e4 avaimet k\u00e4teen-palvelukokonaisuuden. J.K. Marineservice on ollut alalla vuodesta 2011 l\u00e4htien, jonka lis\u00e4ksi h\u00e4nell\u00e4 on mm. Targa-veneiden valtuuettu huoltomahdollisuus sek\u00e4 varaosat, Mastervolt-elektroniikkalaitteiden ja Side Power-keulapotkurien valtuutettu asennus ja niiden huolto. N\u00e4iden lis\u00e4ksi onnistuvat lasikuidutus, teak-ty\u00f6t sek\u00e4 veneiden teippaukset. <\/p>\n","protected":false},"excerpt":{"rendered":"<p>Uusi talvis\u00e4ilytyskausi tekee jo tuloaan ja on aika k\u00e4\u00e4nt\u00e4\u00e4 katseet tulevaan talvis\u00e4ilytyskauteen,&nbsp;jotta veneesi saadaan ensi kes\u00e4kaudelle entist\u00e4 parempaan kuntoon. Huollot, vahaukset, sis\u00e4siivoukset ja pohjamaalaukset onnistuvat yhteisty\u00f6kumppani J.K. Marineservice, Targa Service Partnerin kautta, jonka yhteyshenkil\u00f6n\u00e4 on venealan ammattilainen Juha Kukkavuori. Tarjoamme haluamanne palvelukokonaisuuden kauttamme sek\u00e4 avaimet k\u00e4teen-palvelukokonaisuuden. J.K. Marineservice on ollut alalla vuodesta 2011 l\u00e4htien, jonka &#8230; <a title=\"Talvis\u00e4ilytyst\u00e4 Ruskolla\" class=\"read-more\" href=\"https:\/\/sipilanvenehallit.fi\/\" aria-label=\"Lue lis\u00e4\u00e4 aiheesta Talvis\u00e4ilytyst\u00e4 Ruskolla\">Lue lis\u00e4\u00e4<\/a><\/p>\n","protected":false},"author":1,"featured_media":0,"parent":0,"menu_order":0,"comment_status":"closed","ping_status":"closed","template":"","meta":{"footnotes":""},"class_list":["post-28","page","type-page","status-publish"],"_links":{"self":[{"href":"https:\/\/sipilanvenehallit.fi\/index.php?rest_route=\/wp\/v2\/pages\/28","targetHints":{"allow":["GET"]}}],"collection":[{"href":"https:\/\/sipilanvenehallit.fi\/index.php?rest_route=\/wp\/v2\/pages"}],"about":[{"href":"https:\/\/sipilanvenehallit.fi\/index.php?rest_route=\/wp\/v2\/types\/page"}],"author":[{"embeddable":true,"href":"https:\/\/sipilanvenehallit.fi\/index.php?rest_route=\/wp\/v2\/users\/1"}],"replies":[{"embeddable":true,"href":"https:\/\/sipilanvenehallit.fi\/index.php?rest_route=%2Fwp%2Fv2%2Fcomments&post=28"}],"version-history":[{"count":4,"href":"https:\/\/sipilanvenehallit.fi\/index.php?rest_route=\/wp\/v2\/pages\/28\/revisions"}],"predecessor-version":[{"id":46,"href":"https:\/\/sipilanvenehallit.fi\/index.php?rest_route=\/wp\/v2\/pages\/28\/revisions\/46"}],"wp:attachment":[{"href":"https:\/\/sipilanvenehallit.fi\/index.php?rest_route=%2Fwp%2Fv2%2Fmedia&parent=28"}],"curies":[{"name":"wp","href":"https:\/\/api.w.org\/{rel}","templated":true}]}}